18?
2
Suppose h + 3534 = 5*u - 721, -u + 4*h + 832 = 0. What is the greatest common factor of 12 and u?
12
Let x(b) = -b**2 - 4*b + 3. Let a be x(-6). Let m = a - -11. Suppose -4*f - f + 40 = -5*y, -5*y = -m*f + 13. What is the greatest common divisor of 18 and f?
9
Suppose -5*x + 327 = -11*r + 12*r, -5*x - 267 = -r. Suppose 2*t = 45 + 9. What is the highest common factor of t and r?
27
Let w(h) = 13*h**2 + 10*h + 16. Let s be w(-2). Calculate the highest common factor of s and 1200.
48
Suppose -2*c + 7*c = 15. Suppose 240 = -0*l + c*l. What is the highest common divisor of 10 and l?
10
Let n = 2 - 32. Let k = n - -45. Suppose -b + 2*b - k = 0. Calculate the highest common factor of 90 and b.
15
Suppose 210 = -6*n + 7*n + 3*q, -212 = -n - 4*q. What is the highest common factor of 51 and n?
51
Let p(d) = -9*d**3 + d**2. Suppose 1 = -3*g - 2. Let u be p(g). Let v be 4/(-34) + (-9190)/(-85) + 2. What is the highest common factor of u and v?
10
Let s(a) = a**3 - 2*a**2 + 3*a. Let d be s(3). Suppose 33*n + 141*n - 4698 = 0. Calculate the greatest common factor of d and n.
9
Let c be 5 + (-145)/30 + 1196/24. Calculate the highest common divisor of c and 150.
50
Let s(i) = 72*i - 853. Let o be s(63). Calculate the greatest common divisor of o and 29.
29
Let q(x) = 39*x**2 + 16 + 32*x**2 - 69*x**2. Let l be q(0). Calculate the greatest common divisor of 40 and l.
8
Suppose 3*u - 4 = 4*v, 3*v - 5*u = 2*v - 1. Let n be (1 + -1 - -4) + v. Calculate the greatest common factor of n and 9.
3
Let d = -155 - -199. What is the greatest common factor of 99 and d?
11
Let v be -2 - (-66)/1 - -2. Let d(b) = -b**3 - 12*b**2 - 9*b + 28. Let t be d(-11). What is the highest common factor of v and t?
6
Let n be 10/3 - 3 - 368/(-12). Let f(d) = -d**2 + d + 2. Let v be f(8). Let s = v - -116. Calculate the highest common factor of n and s.
31
Let d = 3 + 1. Let q = 181 + -173. Calculate the highest common divisor of d and q.
4
Suppose -4*p - 66 = -182. Let j = p - 10. What is the highest common factor of j and 19?
19
Let z = -2362 + 2420. What is the greatest common factor of z and 290?
58
Let r be 2/(-11) - 92/(-22). Suppose 5*u - 348 = 3*o, 0*o = o - r. Suppose -4*a + 40 = a. Calculate the highest common factor of a and u.
8
Let u be (264/48)/(1/2). What is the greatest common divisor of 319 and u?
11
Let l be (-23 - -28) + (-1 - 1)/(-2). Calculate the greatest common divisor of l and 132.
6
Let b = -58 + 99. Suppose 1 + b = 7*w. Calculate the greatest common divisor of 15 and w.
3
Suppose 5*r - 71 - 4 = 0. Let g be ((-8)/6)/((-1)/3). Suppose w = g*w - 45. What is the greatest common divisor of w and r?
15
Suppose 630 = 5*c + 85. Suppose -5*w - 5*m = -265, 2*w + 0*m = m + c. What is the highest common factor of 6 and w?
6
Suppose 0 = -2*f - 3 + 11. Suppose -5 = -f*r + 7. Suppose j = -r + 19. What is the highest common factor of j and 80?
16
Let b = -14 + 65. Let n be 2*b*(-4)/24*-1. What is the highest common divisor of n and 17?
17
Let q(s) = s**2. Let l be q(0). Let x be 6/15*(-35)/4*2. Let f be (l - -1)*(x + 133). What is the highest common divisor of f and 14?
14
Let t be 6/1*(-32)/(-48). Suppose -c - 4*h - 166 = -4*c, 0 = -t*h - 16. Calculate the highest common divisor of 10 and c.
10
Suppose 9 = 5*d + 24, -2*d = 5*b - 1134. What is the highest common factor of b and 36?
12
Let u = 194 - 129. Let j = u + -35. Suppose -y - 6 = -j. What is the highest common factor of y and 24?
24
Suppose 19*u = 24*u - 10. Calculate the highest common factor of u and 1.
1
Let c(t) = 5*t**2 - 4*t + 3. Let z be c(-4). Let r be 15/(-63)*-92 - (-4)/42. Let x be (6 - (6 + -3))*r. What is the greatest common divisor of z and x?
33
Let u(r) = -r**3 + r**2 + 3*r + 4. Let f be u(3). Let m(a) = -9*a + 11. Let n be m(f). Calculate the highest common divisor of n and 7.
7
Let p be (-2)/3*24/8. Let a be (6 + -11)*(p + -1). Let n(f) = 74*f**3 - f**2 + 3*f - 1. Let j be n(1). Calculate the greatest common factor of j and a.
15
Let w = -1474 - -1480. Let p(m) = m**3 - m + 9. Let d be p(0). Calculate the greatest common factor of w and d.
3
Let p(v) = v**2 + 8*v - 10. Let f be p(5). Let y = 3 - -1. Suppose 6*c = -y*m + 3*c + 53, -4*m + 47 = c. Calculate the greatest common factor of f and m.
11
Suppose 31 = 2*t + 11. Suppose b - 4*z - 25 = 0, 0*z + t = 5*z. What is the highest common divisor of 44 and b?
11
Let w = 59 + -30. Let l = w - 57. Let n = l + 42. Calculate the highest common factor of 126 and n.
14
Suppose -22 = -5*r + 3*r. Let b(y) = 6*y**3 + 4*y**2 - 11*y + 13. Let n be b(2). What is the greatest common factor of r and n?
11
Let b(m) = m**3 + 17*m**2 + 17*m + 19. Let t be b(-16). Suppose -420 = -n - t*n. Calculate the highest common divisor of 15 and n.
15
Suppose 0*k - 4*k + 5*b + 56 = 0, -22 = -2*k + 4*b. Suppose o - 27 = 11. What is the highest common divisor of o and k?
19
Let s(n) = 3*n - 8. Let r be 10 - 2 - (0 - 1). Let a be s(r). Calculate the greatest common divisor of 209 and a.
19
Suppose 7*y - 86 = 3*y + 3*b, 2*y + 5*b = 56. Calculate the highest common divisor of 115 and y.
23
Let w be 6/(-24) + 682/8. Let h = w + -21. What is the greatest common divisor of 160 and h?
32
Let p(k) = -k**3 + 39*k**2 + 37. Let a be p(39). Calculate the greatest common divisor of 37 and a.
37
Let r = 2070 - 2054. Let f = 3 - 1. Calculate the highest common factor of f and r.
2
Let p be -11 - (-1 + (-1)/1). Let v(n) = 4*n + 4. Let t(a) = -a - 1. Let z(y) = 5*t(y) + v(y). Let i be z(p). What is the greatest common factor of 8 and i?
8
Let o = -180 + 327. Let f be -1 + -94 + 1 + -1. Let s = f + o. What is the highest common divisor of 13 and s?
13
Let c = 29 + -46. Let i = c + 51. What is the greatest common divisor of i and 85?
17
Suppose -12*n = -15*n - 3*k + 717, 3*n - 725 = 5*k. What is the highest common divisor of 30 and n?
30
Let v be 4/(-32) + 867/24. Calculate the highest common factor of 32 and v.
4
Suppose 0 = -2312*a + 2319*a - 14. Let h(w) = -4*w - 1. Let g be h(-2). Suppose 4*r = -3*d - g, d = 2*d + 5. Calculate the highest common factor of a and r.
2
Suppose 6*j - 53 = -2*c + 5*j, -4*j + 68 = 2*c. What is the greatest common divisor of c and 222?
6
Suppose 0 = 19*m - 366 - 926. Calculate the greatest common divisor of m and 221.
17
Let k(p) = p**3 + 6*p**2 - 8*p - 9. Let r be k(-7). Let g be -7*(-10)/r*-1. What is the greatest common divisor of 5 and g?
5
Suppose 667 = 4*n + 427. What is the highest common factor of n and 100?
20
Suppose 0 = -16*j + 12*j + 6364. Calculate the greatest common factor of 43 and j.
43
Let h = -9 - -6. Let w be h - 6*-2*3. Let g be (-6)/w - 246/(-22). Calculate the highest common factor of 44 and g.
11
Suppose 0 = 2*q - 0*l + 5*l - 46, 5*q - 69 = -l. Let d = -224 + 393. What is the greatest common divisor of q and d?
13
Let y = 1812 - 1698. Calculate the greatest common divisor of 627 and y.
57
Let r be (9 + -5 - 10)/((-4)/10). Calculate the highest common divisor of r and 30.
15
Let n(s) = s**2 - 26*s - 128. Let z be n(32). What is the highest common divisor of z and 1600?
64
Let m be (-44)/(-36) - 1 - (-346)/(-18). Let k = m + 29. Calculate the highest common factor of k and 110.
10
Suppose 9*v - 120 = 3*v. Suppose -3*k - k + 64 = 0. Suppose 3*d - 32 = 5*a, d = -8*a + 3*a - k. Calculate the greatest common divisor of v and d.
4
Let y = -83 - -87. Let o be y/((-8)/6) + 48. What is the highest common divisor of 27 and o?
9
Let y be (492/15)/(4/10). Let z be (123*(-3)/(-9))/1. Calculate the greatest common factor of y and z.
41
Let t(y) = -27*y - 135. Let j be t(-22). Calculate the greatest common factor of 51 and j.
51
Let o(a) = 14*a - 4. Let y be o(4). Let f be (-108)/(-3) - (5 - 0). Let l = y - f. What is the greatest common divisor of 21 and l?
21
Let n = -352 - -383. What is the highest common divisor of 496 and n?
31
Suppose -3*j - 4*m - 132 = -428, j = 5*m + 86. Let o(k) = 6*k - 11. Let h be o(-9). Let i = -53 - h. What is the highest common divisor of j and i?
12
Let c be (-339)/(-12) + (-3)/12. Calculate the greatest common divisor of 8 and c.
4
Suppose -6*i - 82 + 130 = 0. Let w be -3*4/6 + 3. Let x be w/5 - 159/(-5). Calculate the greatest common factor of i and x.
8
Let g = 66 - 69. Let c be 52 + -2*(g + 5). What is the highest common di